{"id":2431,"date":"2026-08-25T15:26:50","date_gmt":"2026-08-25T14:26:50","guid":{"rendered":"https:\/\/www.agorastore.fr\/magazine-des-experts\/?page_id=2431"},"modified":"2026-08-25T16:53:54","modified_gmt":"2026-08-25T15:53:54","slug":"charline-noblet","status":"publish","type":"page","link":"https:\/\/www.agorastore.fr\/magazine-des-experts\/charline-noblet\/","title":{"rendered":"Charline Noblet &#8211; Experte contenu &amp; communication"},"content":{"rendered":"\n<div class=\"wp-block-media-text is-stacked-on-mobile\" style=\"grid-template-columns:22% auto\"><figure class=\"wp-block-media-text__media\"><img loading=\"lazy\" decoding=\"async\" width=\"816\" height=\"922\" src=\"https:\/\/www.agorastore.fr\/magazine-des-experts\/wp-content\/uploads\/2026\/08\/Charline.jpg\" alt=\"\" class=\"wp-image-2434 size-full\" srcset=\"https:\/\/www.agorastore.fr\/magazine-des-experts\/wp-content\/uploads\/2026\/08\/Charline.jpg 816w, https:\/\/www.agorastore.fr\/magazine-des-experts\/wp-content\/uploads\/2026\/08\/Charline-266x300.jpg 266w, https:\/\/www.agorastore.fr\/magazine-des-experts\/wp-content\/uploads\/2026\/08\/Charline-768x868.jpg 768w\" sizes=\"auto, (max-width: 816px) 100vw, 816px\" \/><\/figure><div class=\"wp-block-media-text__content\">\n<p><strong>Son r\u00f4le et son expertise<\/strong> <br>Communication Manager chez Agorastore, Charline con\u00e7oit et pilote la strat\u00e9gie de contenu globale de l&rsquo;entreprise. Son expertise \u00e9ditoriale permet de d\u00e9crypter les march\u00e9s de l&rsquo;\u00e9quipement professionnel et de l&rsquo;immobilier. Elle d\u00e9ploie des formats p\u00e9dagogiques et cibl\u00e9s (articles d&rsquo;experts, livres blancs, webinaires&#8230;), afin d&rsquo;accompagner les d\u00e9cideurs dans leurs enjeux de valorisation de patrimoine.<\/p>\n<\/div><\/div>\n\n\n\n<p><strong>Un parcours ax\u00e9 sur la strat\u00e9gie \u00e9ditoriale<\/strong><br>Charline a d\u00e9velopp\u00e9 son expertise au sein de la SNCF, o\u00f9 elle a occup\u00e9 diff\u00e9rents postes en communication interne et externe, puis en tant que consultante en strat\u00e9gie \u00e9ditoriale dans le secteur public, l\u2019immobilier et le retail. Elle est dipl\u00f4m\u00e9e d&rsquo;un Master en Marketing et Communication (IAE Lille).<\/p>\n\n\n\n<p>\ud83d\udc49 <a href=\"https:\/\/www.linkedin.com\/in\/charline-noblet-30498415b\/\" target=\"_blank\" rel=\"noreferrer noopener\"><strong>Profil LinkedIn<\/strong><\/a><\/p>\n","protected":false},"excerpt":{"rendered":"<p>Son r\u00f4le et son expertise Communication Manager chez Agorastore, Charline con\u00e7oit et pilote la strat\u00e9gie de contenu globale de l&rsquo;entreprise. Son expertise \u00e9ditoriale permet de d\u00e9crypter les march\u00e9s de l&rsquo;\u00e9quipement professionnel et de l&rsquo;immobilier. Elle d\u00e9ploie des formats p\u00e9dagogiques et cibl\u00e9s (articles d&rsquo;experts, livres blancs, webinaires&#8230;), afin d&rsquo;accompagner les d\u00e9cideurs dans leurs enjeux de valorisation [&hellip;]<\/p>\n","protected":false},"author":2,"featured_media":0,"parent":0,"menu_order":0,"comment_status":"closed","ping_status":"closed","template":"","meta":{"footnotes":""},"class_list":["post-2431","page","type-page","status-publish","hentry"],"yoast_head":"<!-- This site is optimized with the Yoast SEO plugin v27.4 - https:\/\/yoast.com\/product\/yoast-seo-wordpress\/ -->\n<title>Charline Noblet - Experte contenu &amp; communication - Blog Agorastore<\/title>\n<meta name=\"robots\" content=\"index, follow, max-snippet:-1, max-image-preview:large, max-video-preview:-1\" \/>\n<link rel=\"canonical\" href=\"https:\/\/www.agorastore.fr\/magazine-des-experts\/charline-noblet\/\" \/>\n<meta property=\"og:locale\" content=\"fr_FR\" \/>\n<meta property=\"og:type\" content=\"article\" \/>\n<meta property=\"og:title\" content=\"Charline Noblet - Experte contenu &amp; communication - Blog Agorastore\" \/>\n<meta property=\"og:description\" content=\"Son r\u00f4le et son expertise Communication Manager chez Agorastore, Charline con\u00e7oit et pilote la strat\u00e9gie de contenu globale de l&rsquo;entreprise. Son expertise \u00e9ditoriale permet de d\u00e9crypter les march\u00e9s de l&rsquo;\u00e9quipement professionnel et de l&rsquo;immobilier. Elle d\u00e9ploie des formats p\u00e9dagogiques et cibl\u00e9s (articles d&rsquo;experts, livres blancs, webinaires&#8230;), afin d&rsquo;accompagner les d\u00e9cideurs dans leurs enjeux de valorisation [&hellip;]\" \/>\n<meta property=\"og:url\" content=\"https:\/\/www.agorastore.fr\/magazine-des-experts\/charline-noblet\/\" \/>\n<meta property=\"og:site_name\" content=\"Blog Agorastore\" \/>\n<meta property=\"article:publisher\" content=\"https:\/\/www.facebook.com\/AgoraStore\/\" \/>\n<meta property=\"article:modified_time\" content=\"2026-08-25T15:53:54+00:00\" \/>\n<meta property=\"og:image\" content=\"https:\/\/www.agorastore.fr\/magazine-des-experts\/wp-content\/uploads\/2026\/08\/Charline.jpg\" \/>\n\t<meta property=\"og:image:width\" content=\"816\" \/>\n\t<meta property=\"og:image:height\" content=\"922\" \/>\n\t<meta property=\"og:image:type\" content=\"image\/jpeg\" \/>\n<meta name=\"twitter:card\" content=\"summary_large_image\" \/>\n<meta name=\"twitter:label1\" content=\"Dur\u00e9e de lecture estim\u00e9e\" \/>\n\t<meta name=\"twitter:data1\" content=\"1 minute\" \/>\n<script type=\"application\/ld+json\" class=\"yoast-schema-graph\">{\"@context\":\"https:\\\/\\\/schema.org\",\"@graph\":[{\"@type\":\"WebPage\",\"@id\":\"https:\\\/\\\/www.agorastore.fr\\\/magazine-des-experts\\\/charline-noblet\\\/\",\"url\":\"https:\\\/\\\/www.agorastore.fr\\\/magazine-des-experts\\\/charline-noblet\\\/\",\"name\":\"Charline Noblet - Experte contenu &amp; communication - Blog Agorastore\",\"isPartOf\":{\"@id\":\"https:\\\/\\\/www.agorastore.fr\\\/magazine-des-experts\\\/#website\"},\"primaryImageOfPage\":{\"@id\":\"https:\\\/\\\/www.agorastore.fr\\\/magazine-des-experts\\\/charline-noblet\\\/#primaryimage\"},\"image\":{\"@id\":\"https:\\\/\\\/www.agorastore.fr\\\/magazine-des-experts\\\/charline-noblet\\\/#primaryimage\"},\"thumbnailUrl\":\"https:\\\/\\\/www.agorastore.fr\\\/magazine-des-experts\\\/wp-content\\\/uploads\\\/2026\\\/08\\\/Charline.jpg\",\"datePublished\":\"2026-08-25T14:26:50+00:00\",\"dateModified\":\"2026-08-25T15:53:54+00:00\",\"breadcrumb\":{\"@id\":\"https:\\\/\\\/www.agorastore.fr\\\/magazine-des-experts\\\/charline-noblet\\\/#breadcrumb\"},\"inLanguage\":\"fr-FR\",\"potentialAction\":[{\"@type\":\"ReadAction\",\"target\":[\"https:\\\/\\\/www.agorastore.fr\\\/magazine-des-experts\\\/charline-noblet\\\/\"]}]},{\"@type\":\"ImageObject\",\"inLanguage\":\"fr-FR\",\"@id\":\"https:\\\/\\\/www.agorastore.fr\\\/magazine-des-experts\\\/charline-noblet\\\/#primaryimage\",\"url\":\"\",\"contentUrl\":\"\"},{\"@type\":\"BreadcrumbList\",\"@id\":\"https:\\\/\\\/www.agorastore.fr\\\/magazine-des-experts\\\/charline-noblet\\\/#breadcrumb\",\"itemListElement\":[{\"@type\":\"ListItem\",\"position\":1,\"name\":\"Accueil\",\"item\":\"https:\\\/\\\/www.agorastore.fr\\\/magazine-des-experts\\\/\"},{\"@type\":\"ListItem\",\"position\":2,\"name\":\"Charline Noblet &#8211; Experte contenu &amp; communication\"}]},{\"@type\":\"WebSite\",\"@id\":\"https:\\\/\\\/www.agorastore.fr\\\/magazine-des-experts\\\/#website\",\"url\":\"https:\\\/\\\/www.agorastore.fr\\\/magazine-des-experts\\\/\",\"name\":\"Blog Agorastore\",\"description\":\"\",\"publisher\":{\"@id\":\"https:\\\/\\\/www.agorastore.fr\\\/magazine-des-experts\\\/#organization\"},\"potentialAction\":[{\"@type\":\"SearchAction\",\"target\":{\"@type\":\"EntryPoint\",\"urlTemplate\":\"https:\\\/\\\/www.agorastore.fr\\\/magazine-des-experts\\\/?s={search_term_string}\"},\"query-input\":{\"@type\":\"PropertyValueSpecification\",\"valueRequired\":true,\"valueName\":\"search_term_string\"}}],\"inLanguage\":\"fr-FR\"},{\"@type\":\"Organization\",\"@id\":\"https:\\\/\\\/www.agorastore.fr\\\/magazine-des-experts\\\/#organization\",\"name\":\"Agorastore\",\"url\":\"https:\\\/\\\/www.agorastore.fr\\\/magazine-des-experts\\\/\",\"logo\":{\"@type\":\"ImageObject\",\"inLanguage\":\"fr-FR\",\"@id\":\"https:\\\/\\\/www.agorastore.fr\\\/magazine-des-experts\\\/#\\\/schema\\\/logo\\\/image\\\/\",\"url\":\"https:\\\/\\\/www.agorastore.fr\\\/magazine-des-experts\\\/wp-content\\\/uploads\\\/2026\\\/08\\\/logo-agorastore-carre.png\",\"contentUrl\":\"https:\\\/\\\/www.agorastore.fr\\\/magazine-des-experts\\\/wp-content\\\/uploads\\\/2026\\\/08\\\/logo-agorastore-carre.png\",\"width\":500,\"height\":500,\"caption\":\"Agorastore\"},\"image\":{\"@id\":\"https:\\\/\\\/www.agorastore.fr\\\/magazine-des-experts\\\/#\\\/schema\\\/logo\\\/image\\\/\"},\"sameAs\":[\"https:\\\/\\\/www.facebook.com\\\/AgoraStore\\\/\",\"https:\\\/\\\/www.linkedin.com\\\/company\\\/5011294\"]}]}<\/script>\n<!-- \/ Yoast SEO plugin. -->","yoast_head_json":{"title":"Charline Noblet - Experte contenu &amp; communication - Blog Agorastore","robots":{"index":"index","follow":"follow","max-snippet":"max-snippet:-1","max-image-preview":"max-image-preview:large","max-video-preview":"max-video-preview:-1"},"canonical":"https:\/\/www.agorastore.fr\/magazine-des-experts\/charline-noblet\/","og_locale":"fr_FR","og_type":"article","og_title":"Charline Noblet - Experte contenu &amp; communication - Blog Agorastore","og_description":"Son r\u00f4le et son expertise Communication Manager chez Agorastore, Charline con\u00e7oit et pilote la strat\u00e9gie de contenu globale de l&rsquo;entreprise. Son expertise \u00e9ditoriale permet de d\u00e9crypter les march\u00e9s de l&rsquo;\u00e9quipement professionnel et de l&rsquo;immobilier. Elle d\u00e9ploie des formats p\u00e9dagogiques et cibl\u00e9s (articles d&rsquo;experts, livres blancs, webinaires&#8230;), afin d&rsquo;accompagner les d\u00e9cideurs dans leurs enjeux de valorisation [&hellip;]","og_url":"https:\/\/www.agorastore.fr\/magazine-des-experts\/charline-noblet\/","og_site_name":"Blog Agorastore","article_publisher":"https:\/\/www.facebook.com\/AgoraStore\/","article_modified_time":"2026-08-25T15:53:54+00:00","og_image":[{"width":816,"height":922,"url":"https:\/\/www.agorastore.fr\/magazine-des-experts\/wp-content\/uploads\/2026\/08\/Charline.jpg","type":"image\/jpeg"}],"twitter_card":"summary_large_image","twitter_misc":{"Dur\u00e9e de lecture estim\u00e9e":"1 minute"},"schema":{"@context":"https:\/\/schema.org","@graph":[{"@type":"WebPage","@id":"https:\/\/www.agorastore.fr\/magazine-des-experts\/charline-noblet\/","url":"https:\/\/www.agorastore.fr\/magazine-des-experts\/charline-noblet\/","name":"Charline Noblet - Experte contenu &amp; communication - Blog Agorastore","isPartOf":{"@id":"https:\/\/www.agorastore.fr\/magazine-des-experts\/#website"},"primaryImageOfPage":{"@id":"https:\/\/www.agorastore.fr\/magazine-des-experts\/charline-noblet\/#primaryimage"},"image":{"@id":"https:\/\/www.agorastore.fr\/magazine-des-experts\/charline-noblet\/#primaryimage"},"thumbnailUrl":"https:\/\/www.agorastore.fr\/magazine-des-experts\/wp-content\/uploads\/2026\/08\/Charline.jpg","datePublished":"2026-08-25T14:26:50+00:00","dateModified":"2026-08-25T15:53:54+00:00","breadcrumb":{"@id":"https:\/\/www.agorastore.fr\/magazine-des-experts\/charline-noblet\/#breadcrumb"},"inLanguage":"fr-FR","potentialAction":[{"@type":"ReadAction","target":["https:\/\/www.agorastore.fr\/magazine-des-experts\/charline-noblet\/"]}]},{"@type":"ImageObject","inLanguage":"fr-FR","@id":"https:\/\/www.agorastore.fr\/magazine-des-experts\/charline-noblet\/#primaryimage","url":"","contentUrl":""},{"@type":"BreadcrumbList","@id":"https:\/\/www.agorastore.fr\/magazine-des-experts\/charline-noblet\/#breadcrumb","itemListElement":[{"@type":"ListItem","position":1,"name":"Accueil","item":"https:\/\/www.agorastore.fr\/magazine-des-experts\/"},{"@type":"ListItem","position":2,"name":"Charline Noblet &#8211; Experte contenu &amp; communication"}]},{"@type":"WebSite","@id":"https:\/\/www.agorastore.fr\/magazine-des-experts\/#website","url":"https:\/\/www.agorastore.fr\/magazine-des-experts\/","name":"Blog Agorastore","description":"","publisher":{"@id":"https:\/\/www.agorastore.fr\/magazine-des-experts\/#organization"},"potentialAction":[{"@type":"SearchAction","target":{"@type":"EntryPoint","urlTemplate":"https:\/\/www.agorastore.fr\/magazine-des-experts\/?s={search_term_string}"},"query-input":{"@type":"PropertyValueSpecification","valueRequired":true,"valueName":"search_term_string"}}],"inLanguage":"fr-FR"},{"@type":"Organization","@id":"https:\/\/www.agorastore.fr\/magazine-des-experts\/#organization","name":"Agorastore","url":"https:\/\/www.agorastore.fr\/magazine-des-experts\/","logo":{"@type":"ImageObject","inLanguage":"fr-FR","@id":"https:\/\/www.agorastore.fr\/magazine-des-experts\/#\/schema\/logo\/image\/","url":"https:\/\/www.agorastore.fr\/magazine-des-experts\/wp-content\/uploads\/2026\/08\/logo-agorastore-carre.png","contentUrl":"https:\/\/www.agorastore.fr\/magazine-des-experts\/wp-content\/uploads\/2026\/08\/logo-agorastore-carre.png","width":500,"height":500,"caption":"Agorastore"},"image":{"@id":"https:\/\/www.agorastore.fr\/magazine-des-experts\/#\/schema\/logo\/image\/"},"sameAs":["https:\/\/www.facebook.com\/AgoraStore\/","https:\/\/www.linkedin.com\/company\/5011294"]}]}},"_links":{"self":[{"href":"https:\/\/www.agorastore.fr\/magazine-des-experts\/wp-json\/wp\/v2\/pages\/2431","targetHints":{"allow":["GET"]}}],"collection":[{"href":"https:\/\/www.agorastore.fr\/magazine-des-experts\/wp-json\/wp\/v2\/pages"}],"about":[{"href":"https:\/\/www.agorastore.fr\/magazine-des-experts\/wp-json\/wp\/v2\/types\/page"}],"author":[{"embeddable":true,"href":"https:\/\/www.agorastore.fr\/magazine-des-experts\/wp-json\/wp\/v2\/users\/2"}],"replies":[{"embeddable":true,"href":"https:\/\/www.agorastore.fr\/magazine-des-experts\/wp-json\/wp\/v2\/comments?post=2431"}],"version-history":[{"count":5,"href":"https:\/\/www.agorastore.fr\/magazine-des-experts\/wp-json\/wp\/v2\/pages\/2431\/revisions"}],"predecessor-version":[{"id":2438,"href":"https:\/\/www.agorastore.fr\/magazine-des-experts\/wp-json\/wp\/v2\/pages\/2431\/revisions\/2438"}],"wp:attachment":[{"href":"https:\/\/www.agorastore.fr\/magazine-des-experts\/wp-json\/wp\/v2\/media?parent=2431"}],"curies":[{"name":"wp","href":"https:\/\/api.w.org\/{rel}","templated":true}]}}

<div class="wp-block-media-text is-stacked-on-mobile" style="grid-template-columns:22% auto"><figure class="wp-block-media-text__media"><img loading="lazy" decoding="async" width="816" height="922" src="https://www.agorastore.fr/magazine-des-experts/wp-content/uploads/2026/08/Charline.jpg" alt="" class="wp-image-2434 size-full" srcset="https://www.agorastore.fr/magazine-des-experts/wp-content/uploads/2026/08/Charline.jpg 816w, https://www.agorastore.fr/magazine-des-experts/wp-content/uploads/2026/08/Charline-266x300.jpg 266w, https://www.agorastore.fr/magazine-des-experts/wp-content/uploads/2026/08/Charline-768x868.jpg 768w" sizes="auto, (max-width: 816px) 100vw, 816px" /></figure><div class="wp-block-media-text__content">
<p><strong>Son rôle et son expertise</strong> <br>Communication Manager chez Agorastore, Charline conçoit et pilote la stratégie de contenu globale de l&rsquo;entreprise. Son expertise éditoriale permet de décrypter les marchés de l&rsquo;équipement professionnel et de l&rsquo;immobilier. Elle déploie des formats pédagogiques et ciblés (articles d&rsquo;experts, livres blancs, webinaires&#8230;), afin d&rsquo;accompagner les décideurs dans leurs enjeux de valorisation de patrimoine.</p>
</div></div>



<p><strong>Un parcours axé sur la stratégie éditoriale</strong><br>Charline a développé son expertise au sein de la SNCF, où elle a occupé différents postes en communication interne et externe, puis en tant que consultante en stratégie éditoriale dans le secteur public, l’immobilier et le retail. Elle est diplômée d&rsquo;un Master en Marketing et Communication (IAE Lille).</p>



<p>👉 <a href="https://www.linkedin.com/in/charline-noblet-30498415b/" target="_blank" rel="noreferrer noopener"><strong>Profil LinkedIn</strong></a></p>

<p>Son rôle et son expertise Communication Manager chez Agorastore, Charline conçoit et pilote la stratégie de contenu globale de l&rsquo;entreprise. Son expertise éditoriale permet de décrypter les marchés de l&rsquo;équipement professionnel et de l&rsquo;immobilier. Elle déploie des formats pédagogiques et ciblés (articles d&rsquo;experts, livres blancs, webinaires&#8230;), afin d&rsquo;accompagner les décideurs dans leurs enjeux de valorisation [&hellip;]</p>

<!-- This site is optimized with the Yoast SEO plugin v27.4 - https://yoast.com/product/yoast-seo-wordpress/ -->
<title>Charline Noblet - Experte contenu &amp; communication - Blog Agorastore</title>
<meta name="robots" content="index, follow, max-snippet:-1, max-image-preview:large, max-video-preview:-1" />
<link rel="canonical" href="https://www.agorastore.fr/magazine-des-experts/charline-noblet/" />
<meta property="og:locale" content="fr_FR" />
<meta property="og:type" content="article" />
<meta property="og:title" content="Charline Noblet - Experte contenu &amp; communication - Blog Agorastore" />
<meta property="og:description" content="Son rôle et son expertise Communication Manager chez Agorastore, Charline conçoit et pilote la stratégie de contenu globale de l&rsquo;entreprise. Son expertise éditoriale permet de décrypter les marchés de l&rsquo;équipement professionnel et de l&rsquo;immobilier. Elle déploie des formats pédagogiques et ciblés (articles d&rsquo;experts, livres blancs, webinaires&#8230;), afin d&rsquo;accompagner les décideurs dans leurs enjeux de valorisation [&hellip;]" />
<meta property="og:url" content="https://www.agorastore.fr/magazine-des-experts/charline-noblet/" />
<meta property="og:site_name" content="Blog Agorastore" />
<meta property="article:publisher" content="https://www.facebook.com/AgoraStore/" />
<meta property="article:modified_time" content="2026-08-25T15:53:54+00:00" />
<meta property="og:image" content="https://www.agorastore.fr/magazine-des-experts/wp-content/uploads/2026/08/Charline.jpg" />
	<meta property="og:image:width" content="816" />
	<meta property="og:image:height" content="922" />
	<meta property="og:image:type" content="image/jpeg" />
<meta name="twitter:card" content="summary_large_image" />
<meta name="twitter:label1" content="Durée de lecture estimée" />
	<meta name="twitter:data1" content="1 minute" />
<script type="application/ld+json" class="yoast-schema-graph">{"@context":"https:\/\/schema.org","@graph":[{"@type":"WebPage","@id":"https:\/\/www.agorastore.fr\/magazine-des-experts\/charline-noblet\/","url":"https:\/\/www.agorastore.fr\/magazine-des-experts\/charline-noblet\/","name":"Charline Noblet - Experte contenu &amp; communication - Blog Agorastore","isPartOf":{"@id":"https:\/\/www.agorastore.fr\/magazine-des-experts\/#website"},"primaryImageOfPage":{"@id":"https:\/\/www.agorastore.fr\/magazine-des-experts\/charline-noblet\/#primaryimage"},"image":{"@id":"https:\/\/www.agorastore.fr\/magazine-des-experts\/charline-noblet\/#primaryimage"},"thumbnailUrl":"https:\/\/www.agorastore.fr\/magazine-des-experts\/wp-content\/uploads\/2026\/08\/Charline.jpg","datePublished":"2026-08-25T14:26:50+00:00","dateModified":"2026-08-25T15:53:54+00:00","breadcrumb":{"@id":"https:\/\/www.agorastore.fr\/magazine-des-experts\/charline-noblet\/#breadcrumb"},"inLanguage":"fr-FR","potentialAction":[{"@type":"ReadAction","target":["https:\/\/www.agorastore.fr\/magazine-des-experts\/charline-noblet\/"]}]},{"@type":"ImageObject","inLanguage":"fr-FR","@id":"https:\/\/www.agorastore.fr\/magazine-des-experts\/charline-noblet\/#primaryimage","url":"","contentUrl":""},{"@type":"BreadcrumbList","@id":"https:\/\/www.agorastore.fr\/magazine-des-experts\/charline-noblet\/#breadcrumb","itemListElement":[{"@type":"ListItem","position":1,"name":"Accueil","item":"https:\/\/www.agorastore.fr\/magazine-des-experts\/"},{"@type":"ListItem","position":2,"name":"Charline Noblet &#8211; Experte contenu &amp; communication"}]},{"@type":"WebSite","@id":"https:\/\/www.agorastore.fr\/magazine-des-experts\/#website","url":"https:\/\/www.agorastore.fr\/magazine-des-experts\/","name":"Blog Agorastore","description":"","publisher":{"@id":"https:\/\/www.agorastore.fr\/magazine-des-experts\/#organization"},"potentialAction":[{"@type":"SearchAction","target":{"@type":"EntryPoint","urlTemplate":"https:\/\/www.agorastore.fr\/magazine-des-experts\/?s={search_term_string}"},"query-input":{"@type":"PropertyValueSpecification","valueRequired":true,"valueName":"search_term_string"}}],"inLanguage":"fr-FR"},{"@type":"Organization","@id":"https:\/\/www.agorastore.fr\/magazine-des-experts\/#organization","name":"Agorastore","url":"https:\/\/www.agorastore.fr\/magazine-des-experts\/","logo":{"@type":"ImageObject","inLanguage":"fr-FR","@id":"https:\/\/www.agorastore.fr\/magazine-des-experts\/#\/schema\/logo\/image\/","url":"https:\/\/www.agorastore.fr\/magazine-des-experts\/wp-content\/uploads\/2026\/08\/logo-agorastore-carre.png","contentUrl":"https:\/\/www.agorastore.fr\/magazine-des-experts\/wp-content\/uploads\/2026\/08\/logo-agorastore-carre.png","width":500,"height":500,"caption":"Agorastore"},"image":{"@id":"https:\/\/www.agorastore.fr\/magazine-des-experts\/#\/schema\/logo\/image\/"},"sameAs":["https:\/\/www.facebook.com\/AgoraStore\/","https:\/\/www.linkedin.com\/company\/5011294"]}]}</script>
<!-- / Yoast SEO plugin. -->

Son rôle et son expertise Communication Manager chez Agorastore, Charline conçoit et pilote la stratégie de contenu globale de l&rsquo;entreprise. Son expertise éditoriale permet de décrypter les marchés de l&rsquo;équipement professionnel et de l&rsquo;immobilier. Elle déploie des formats pédagogiques et ciblés (articles d&rsquo;experts, livres blancs, webinaires&#8230;), afin d&rsquo;accompagner les décideurs dans leurs enjeux de valorisation [&hellip;]
